1
In base 10, what is -3 - 104?
-107
In base 14, what is -36 - a?
-42
In base 13, what is 8 - -3?
b
In base 9, what is -24 + 740?
715
In base 14, what is 1 + 2188?
2189
In base 7, what is -6 + -45?
-54
In base 5, what is 12 + 4?
21
In base 12, what is -76a + 11?
-759
In base 15, what is 664 - 3?
661
In base 15, what is 2 + -90d?
-90b
In base 2, what is -110011111 - 100?
-110100011
In base 15, what is -1ba6 - -1?
-1ba5
In base 2, what is 10 + -1000101?
-1000011
In base 3, what is 101 - -22111?
22212
In base 4, what is -23 + -23?
-112
In base 4, what is 123 - 20?
103
In base 4, what is 12 - 20301?
-20223
In base 11, what is 55 + 91?
136
In base 7, what is -2 + 40?
35
In base 15, what is -5 + 153?
14d
In base 11, what is 2613 - -3?
2616
In base 4, what is 1 + -22000?
-21333
In base 8, what is 164 + -35?
127
In base 14, what is 6 + a0?
a6
In base 15, what is -20 - 1d?
-3d
In base 14, what is 196 + -12?
184
In base 16, what is -44 - 5?
-49
In base 13, what is 5 - -222?
227
In base 9, what is 1 + 187?
188
In base 5, what is 132431 - -1?
132432
In base 11, what is -1 - 3?
-4
In base 4, what is -2202 + 110?
-2032
In base 7, what is 3 + 62?
65
In base 15, what is -4471 - 2?
-4473
In base 7, what is 32214 - -5?
32222
In base 6, what is 1 - -351?
352
In base 4, what is 20133 + 10?
20203
In base 2, what is -11010100 - -1?
-11010011
In base 16, what is -2ad2 - -3?
-2acf
In base 8, what is -66 - -210?
122
In base 16, what is -1ee - 5?
-1f3
In base 10, what is -122 + -3?
-125
In base 12, what is 12 + -14?
-2
In base 16, what is -2c + -9?
-35
In base 2, what is 100 - 110011?
-101111
In base 10, what is -117 + 5?
-112
In base 2, what is -11 + 100110010010?
100110001111
In base 9, what is 1336 + 5?
1342
In base 5, what is 1100 - -2?
1102
In base 4, what is 0 - 330312?
-330312
In base 5, what is 433 - 0?
433
In base 8, what is -1372 + 3?
-1367
In base 8, what is 24 - 342?
-316
In base 11, what is -42 + -1?
-43
In base 4, what is -1322 - 12?
-2000
In base 9, what is -32 + 75?
43
In base 7, what is -3 - -264?
261
In base 5, what is 0 + 11?
11
In base 15, what is -4 - 226?
-22a
In base 5, what is -1100302 + -3?
-1100310
In base 16, what is -a - 0?
-a
In base 13, what is -7 + 17?
10
In base 4, what is -1 - 233011?
-233012
In base 5, what is -122 + -1004?
-1131
In base 11, what is -41 + 33?
-9
In base 3, what is -1120 - 1122?
-10012
In base 13, what is -2 + -3ca?
-3cc
In base 10, what is 354 + -29?
325
In base 8, what is 135 - -7?
144
In base 3, what is 222001 - -2?
222010
In base 14, what is -337 - 7?
-340
In base 3, what is -10001210 - 2?
-10001212
In base 3, what is 11 - -11012?
11100
In base 12, what is -255 + 4?
-251
In base 6, what is -102 - -31?
-31
In base 11, what is 1a + 471?
490
In base 7, what is -12 + 5?
-4
In base 16, what is -71 + 10?
-61
In base 7, what is 66 - 1?
65
In base 10, what is 4 - 1518?
-1514
In base 5, what is 110430 - -10?
110440
In base 7, what is 13 + -50?
-34
In base 3, what is 212220 - -11?
220001
In base 2, what is 110 + -11010?
-10100
In base 13, what is 4 - 2?
2
In base 8, what is -604 + -3?
-607
In base 13, what is -1151 + 2?
-114c
In base 5, what is 14 + 11?
30
In base 3, what is 1000100 - 12?
1000011
In base 5, what is 3 + -1440?
-1432
In base 8, what is 2 - 110?
-106
In base 13, what is -b1 - -1?
-b0
In base 3, what is -1222 - -101020?
22021
In base 10, what is -1 - -74?
73
In base 11, what is -1087 - 4?
-1090
In base 6, what is 10 + -110?
-100
In base 6, what is 3125 + 4?
3133
In base 3, what is 0 + 1112?
1112
In base 6, what is 3102 - 1?
3101
In base 10, what is -46 + 5?
-41
In base 8, what is 406 - 0?
406
In base 10, what is 2 + 0?
2
In base 6, what is -35405 - 3?
-35412
In base 4, what is -3 - 21?
-30
In base 14, what is -240 + 0?
-240
In base 2, what is -1100 + 11001100010?
11001010110
In base 14, what is 18c - -5?
193
In base 3, what is 11 - 1012?
-1001
In base 2, what is -1101011000001 - -100?
-1101010111101
In base 13, what is -4 + 1a?
16
In base 6, what is -11131 - -20?
-11111
In base 2, what is 11 + 1111000?
1111011
In base 11, what is -104 - 0?
-104
In base 13, what is -3938 - 5?
-3940
In base 16, what is -1 + 2c0?
2bf
In base 4, what is -1 - -120?
113
In base 3, what is 22011 + 2?
22020
In base 15, what is 2 + -9ea?
-9e8
In base 8, what is 4 + 254?
260
In base 8, what is 4 + 1407?
1413
In base 4, what is 33113 - 1?
33112
In base 15, what is -1 - -a51?
a50
In base 8, what is 126 - -6?
134
In base 2, what is -10110 - 11?
-11001
In base 12, what is 19b + -5?
196
In base 15, what is -2 - 12?
-14
In base 8, what is -4210 + 2?
-4206
In base 10, what is 26 + 86?
112
In base 6, what is -3 + -143?
-150
In base 3, what is -1 - 1?
-2
In base 3, what is 20222212 + 11?
21000000
In base 8, what is 0 + 50?
50
In base 16, what is 4fbd + 5?
4fc2
In base 14, what is 4 - 155?
-151
In base 5, what is 13 - -3?
21
In base 15, what is -1045 - 0?
-1045
In base 5, what is -24412 - 3?
-24420
In base 2, what is 110010110 - -101101?
111000011
In base 10, what is 0 - 22?
-22
In base 12, what is -1a5 - 4?
-1a9
In base 3, what is -10 - 12?
-22
In base 16, what is 1f + 0?
1f
In base 15, what is 74c + 0?
74c
In base 10, what is -1 + -462?
-463
In base 5, what is 40 - -34?
124
In base 5, what is -332031 + 3?
-332023
In base 9, what is -148 + 3?
-145
In base 8, what is -1 - 156?
-157
In base 11, what is -48 + -30?
-78
In base 8, what is 147 + 1?
150
In base 3, what is -102 + -202111?
-202220
In base 2, what is -111010 - 10?
-111100
In base 8, what is 64 + -7?
55
In base 16, what is 2b4 - -6?
2ba
In base 13, what is 1167 + 1?
1168
In base 4, what is 100303 + 2?
100311
In base 13, what is -3 + -193?
-196
In base 11, what is 5 - 27?
-22
In base 5, what is -12344 + -3?
-12402
In base 3, what is -2 - 10000210?
-10000212
In base 6, what is 23430 - 1?
23425
In base 9, what is -21 + -54?
-75
In base 6, what is -1323 - 22?
-1345
In base 16, what is 370 + 1?
371
In base 3, what is 21 - 12201?
-12110
In base 4, what is -3031 - -3?
-3022
In base 9, what is 5 - -30?
35
In base 7, what is -25 - -43?
15
In base 6, what is 5 - 104?
-55
In base 9, what is -647 + 1?
-646
In base 12, what is 3 - -1?
4
In base 16, what is -382 - -4?
-37e
In base 14, what is 193 - -2a?
1bd
In base 2, what is -1000000 + 11?
-111101
In base 13, what is 2 + -18a?
-188
In base 16, what is -1 - -1d?
1c
In base 3, what is -10 - 10021?
-10101
In base 16, what is -4d - 8?
-55
In base 4, what is 120 + -103?
11
In base 6, what is -4 + 42?
34
In base 13, what is 2 - -2b?
30
In base 9, what is 1356 + 5?
1362
In base 11, what is 4 + -65?
-61
In base 8, what is 4 + 726?
732
In base 16, what is -9 + b5?
ac
In base 7, what is -5 - -1542?
1534
In base 12, what is -77 - -2?
-75
In base 10, what is 4 - 1136?
-1132
In base 11, what is -5 - 3?
-8
In base 6, what is -101 + -13?
-114
In base 16, what is -33 - 14?
-47
In base 2, what is 111 + -111?
0
In base 16, what is -12e - 1?
-12f
In base 7, what is 1031 + 0?
1031
In base 10, what is -2740 - 1?
-2741
In base 4, what is -13 - -11233?
11220
In base 5, what is -4 - -12032?
12023
In base 2, what is -1010 - 1110001010?
-1110010100
In base 15, what is -4 - 481?
-485
In base 5, what is 0 - -30?
30
In base 15, what is 5 + 4c5?
4ca
In base 16, what is -3 - -4a?
47
In base 10, what is -117 + -1?
-118
In base 2, what is -101110 - 1011?
-111001
In base 5, what is 3 + -2423?
-2420
In base 12, what is 7 + -4b?
-44
In base 12, what is -20 + 4?
-18
In base 7, what is 21 - -31?
52
In base 3, what is -10021120 + -1?
-10021121
In base 7, what is 36 - 24?
12
In base 5, what is -2 - 1223?
-1230
In base 11, what is -3 - -20?
18
In base 2, what is -1000 + 111?
-1
In base 2, what is 1 + 11110?
11111
In base 7, what is -115 + 4?
-111
In base 14, what is -16 + 2d?
17
In base 12, what is -211 - -41?
-190
In base 8, what is -335 - 1?
-336
In base 2, what is 1010 + 10001?
11011
In base 14, what is -14d - 1?
-150
In base 3, what is 2001222 - 1?
2001221
In base 15, what is -9 + -745?
-74e
In base 2, what is -10001010 - 1000101?
-11001111
In base 8, what is 2 - 44?
-42
In base 13, what is 2 + b14?
b16
In base 13, what is 652 + 2?
654
In base 11, what is -3 - -11?
9
In base 15, what is 1 + -7ec?
-7eb
In base 7, what is -2 - 214?
-216
In base 6, what is 21 + 21?
42
In base 8, what is -3